3) + 0). What are the prime factors of y(q)?
3, 17
Suppose 45*q - 37932 = 43*q. What are the prime factors of q?
2, 3, 29, 109
Suppose 33 = -4*w + 5*x, -2*w - 4*x + 27 = 11. Let s be (w + 0 + 1)/(-3)*753. Suppose -5*j + s = -374. What are the prime factors of j?
5
Let p = -73 + 76. Suppose 0*m - 2*d = p*m + 4, -m = -3*d - 17. Suppose 0 = 4*s - 20, -8*t + 12*t - m*s = 282. What are the prime factors of t?
73
Suppose -5*b = -4*n + 7, -b + 3*b - 14 = -4*n. Suppose 3*r - n*h = -177 + 3816, -3*h = 0. List the prime factors of r.
1213
Suppose 21*i + 2472 = 33*i. Let t = i - -62. What are the prime factors of t?
2, 67
Suppose -2*a = 5*j - 125, -2*a = 3*j - a - 75. Let f(n) = 2*n**2 - 33*n + 15. What are the prime factors of f(j)?
2, 5, 11
Let v(y) be the third derivative of -1/2*y**3 + 19*y**2 + 0*y + 0*y**4 + 0 + 1/30*y**5. List the prime factors of v(-7).
5, 19
Let g = 742 + -229. Let k = g + -77. List the prime factors of k.
2, 109
Let q = -777 - 2725. List the prime factors of q/(-2) - 176/22.
3, 7, 83
Let j be (0 + -1)/((-14)/56). Suppose j*c + 567 = 3*h, c = 3*h + 5*c - 567. List the prime factors of h.
3, 7
Suppose -7*a + 153260 = -a + 14*a. What are the prime factors of a?
79, 97
Let j(r) = r**3 - 34*r**2 + 121*r - 550. List the prime factors of j(43).
2, 3, 7, 13
Suppose -14*k + 16*k = j + 181, k - 101 = -3*j. Suppose -341 = -s + k. What are the prime factors of s?
433
Let q(r) = r**2 - 2*r - 6. Let x be q(-4). Suppose 3*n - 14*n = -231. Suppose -n = -g + x. What are the prime factors of g?
3, 13
Let n(x) = 2435*x - 1374. What are the prime factors of n(8)?
2, 11, 823
Suppose 0 = 3*f + 189 + 246. Suppose 0*v = -8*v - 2128. Let x = f - v. What are the prime factors of x?
11
Let j be -5*((-1218)/10 + -1). Suppose -4*t = -994 - j. Suppose 8*k = 11*k - t. List the prime factors of k.
2, 67
Suppose 0 = 25*x - 75*x + 3150. Suppose 50*m - x*m + 5681 = 0. List the prime factors of m.
19, 23
Suppose -8*w - 3 = -51. Suppose w*i = 380 + 1360. List the prime factors of i.
2, 5, 29
Suppose 4*w + 1448 = 3*t, -2*w + 3*t = 2*t + 724. Let i = 680 - w. List the prime factors of i.
2, 521
Suppose -35 = -3*v - 5. Suppose 4*i - 11*m - 751 = -v*m, 2*i + 4*m - 380 = 0. List the prime factors of i.
2, 47
Suppose 3*n - 1 = 2. Let d(y) = 3*y + 2*y**2 - 3*y - 9 - 7*y - n. What are the prime factors of d(6)?
2, 5
Suppose 0 = 274*z - 290*z + 584112. List the prime factors of z.
3, 43, 283
Let f = 4 + 0. Suppose -4*v = -8, f*d = -3*v + 2 + 24. Suppose d*i = 0, -i - 2*i = -3*m + 267. List the prime factors of m.
89
Suppose 2*q = -3*l + 6 + 4, -q = 3*l - 11. What are the prime factors of 1430/11 - (2 + q)?
3, 43
Suppose 3*j + 120918 = 4*m, 5*j + 671 = 661. What are the prime factors of m?
2, 3, 11, 229
Let r(x) be the second derivative of x**4/12 - 2*x**3 + 3*x**2/2 - 5*x. Let n be r(12). What are the prime factors of n - (1590/45)/(4/(-6))?
2, 7
Let l(m) = -404*m**3 - 180*m - 861. List the prime factors of l(-5).
50539
Let b(v) = -17*v**3 + 16*v**3 + 7 + 440*v + 439*v + 12*v**2 - 888*v. Suppose 3*m + 1 = 16. What are the prime factors of b(m)?
137
Suppose 0 = -t - 5*k + 124, 3*k = 3*t - 358 + 4. Suppose 2*j - 157 = -25. Let c = t - j. List the prime factors of c.
53
Suppose -27 - 53 = 5*q. Let p(y) = 4*y + 68. Let x be p(q). List the prime factors of 2*(-1 - (-82)/x).
3, 13
Let m(t) = -t**3 - 3*t**2 + 3*t + 7. Let x be m(-3). Let a be (-246)/x + 8 + -6. Suppose 2*q - 51 = a. What are the prime factors of q?
2, 11
Let a = -25109 - -77321. List the prime factors of a.
2, 3, 19, 229
Suppose 1707816 = -174*u + 207*u. List the prime factors of u.
2, 6469
Let a = 8805 + -2541. What are the prime factors of a?
2, 3, 29
Let c = 24715 - 14096. What are the prime factors of c?
7, 37, 41
Let o(f) = 788*f - 687. List the prime factors of o(26).
19801
Suppose -2*g - 10*g - 996 = 0. Suppose -3*r - 80 = -485. Let m = g + r. What are the prime factors of m?
2, 13
Suppose t + 4*b - 20444 = 18087, -4*t + 154082 = 2*b. List the prime factors of t.
13, 2963
Let j(d) = -d**2 + 4*d + 21. Let a be j(-3). Suppose a = -4*r + 4, -1320 = -4*x - 0*r - 4*r. List the prime factors of x.
7, 47
Let q(v) be the second derivative of -v**5/20 - 11*v**4/12 + 4*v**3/3 + 5*v**2/2 + 9*v - 1. Suppose 0 = -2*b - 13 - 11. List the prime factors of q(b).
53
Let k = -15 - -26. Let y(f) = f**3 - 10*f**2 - 11. Let s be y(k). Let n = s + -41. What are the prime factors of n?
3, 23
Suppose -2*u = -4*i + 10, 3*i - u - 5 = 2. Suppose -563 - 35 = -4*x - i*b, -137 = -x + 2*b. List the prime factors of x.
3, 7
Let b = 5 - -25. Let h be 303/2*(-20)/(-30). Let i = h - b. What are the prime factors of i?
71
List the prime factors of (-174538)/(-11) + 1*(108/(-132))/9.
3, 41, 43
Suppose 3*g - 160805 = w, 179110 = 5*g - 4*w - 88896. List the prime factors of g.
2, 26801
Suppose 5*y = 6665 + 5560. List the prime factors of y.
3, 5, 163
Suppose -17*j + 96205 - 14551 + 47580 = 0. List the prime factors of j.
2, 3, 7, 181
Let f = 44362 + -30640. What are the prime factors of f?
2, 3, 2287
Let x = 13 - -1. Suppose 12 = -x*p + 17*p. Suppose 16 + 8 = 2*c + p*r, -3*c - 3*r = -48. What are the prime factors of c?
2, 5
Let a be (-2)/(-5)*(686 - 1). Suppose -12 = 3*u - 9*u + 3*u. Suppose -3*q + 332 = u*b, -142 = -5*b - 4*q + a. What are the prime factors of b?
2, 5
Let p = -106 - -407. Let j = -75 + p. List the prime factors of j.
2, 113
Suppose 2771631 = 87*l + 356250. List the prime factors of l.
27763
Suppose -3*l - 263 = -4*c, -2*l + 7 = -c + 79. Let r = 62 - c. Suppose -6 = -2*y, p + y - 23 - 48 = r. What are the prime factors of p?
2, 17
Let y = 11824 + -8941. List the prime factors of y.
3, 31
Let t(l) = -10*l - 10. Let g be t(-2). Suppose 0 = g*o - 19*o - 882. List the prime factors of (-3 + o/10)/((-4)/10).
2
Suppose -4*t - 5*u - 3399 = -12589, 0 = 4*u + 8. Let d = t + -1401. What are the prime factors of d?
29, 31
Suppose 5*k + 5 = 0, -3*k = -3*n - 0 + 18. List the prime factors of -4*n/((-90)/2097).
2, 233
Suppose -5*v = -0*f + 4*f - 25595, 5 = -f. What are the prime factors of v?
47, 109
Suppose -5*g = -3*f + 2279, -3*g - f - 191 - 1168 = 0. Suppose -67*s - 310*s = 121017. Let l = s - g. What are the prime factors of l?
7, 19
Let r = -17469 - -30259. List the prime factors of r.
2, 5, 1279
Let n = -417 - -417. Suppose -2*v + 548 = a - 0*v, -3*v = n. What are the prime factors of a?
2, 137
Suppose q + 170 - 22 = 0. Let w(f) = 215*f**3 + f**2 - 3*f + 2. Let v be w(1). Let u = q + v. What are the prime factors of u?
67
Let i = 74 + 47. Suppose 5*t = -y + 333, 0 = -y - 43*t + 46*t + 373. Suppose -y + i = -m. List the prime factors of m.
3, 79
Let i = 445 - 443. List the prime factors of (i - 0/7) + 0 + 839.
29
Let k(c) = 13142*c - 1443. What are the prime factors of k(1)?
11699
Let g(y) = -13*y**2 + 19*y - 7. Let r be g(5). Let v = r + 478. What are the prime factors of v?
241
Suppose 45816 = 15*n + 26*n + 28*n. What are the prime factors of n?
2, 83
What are the prime factors of (-4)/((-1409688)/(-176218) + -8)?
41, 307
Suppose 71*n + 4692 = 75*n. Let m = n + -830. List the prime factors of m.
7
Let z(x) = 512*x**2 + 40*x - 8. Let h be z(4). What are the prime factors of h/10 + -1 - (-38)/(-95)?
7, 17
Suppose -3*q = 3*z - 3297, -17*q + 3318 = 3*z - 21*q. What are the prime factors of z?
2, 19, 29
Let l be (-3)/(-4) + -1 - (-1725)/276. Let j(w) = 3*w**3 + 4*w**2 - 17*w + 19. List the prime factors of j(l).
709
Let x(k) = -k**3 + 13*k**2 - 15*k - 27. Let b be x(15). Let c = b + 2474. What are the prime factors of c?
2, 443
Let l(d) = -1. Let t(u) be the third derivative of 3*u**4/8 + 6*u**3 + 2*u**2. Let a(c) = l(c) - t(c). What are the prime factors of a(-15)?
2, 7
Let a be (2/(-1))/(-12) - 11695/(-30). Let u be -3*((-28)/8)/7*a. Let m = -400 + u. List the prime factors of m.
5, 37
Suppose 108500 = 4*y - l, 4*l = -2*y + 2*l + 54240. List the prime factors of y.
2, 6781
Let i be (-6)/27 + 32/(-18) - 14. Let c = -28 + -4. What are the prime factors of i/(-6)*((-27000)/c)/9?
2, 5
List the prime factors of 1/23 + (-1095156)/(-276).
2, 31
Let u = -764 + 777. Suppose 2121 = -u*c + 26951. List the prime factors of c.
2, 5, 191
Suppose 2082 = 2*m + 4*c - 7150, -3*m + 3*c = -13803. Suppose 4049 = 15*k - m. What are the prime factors of